or of 72 and 336.
24
Calculate the highest common divisor of 867 and 3621.
51
What is the greatest common factor of 16 and 2032?
16
Calculate the highest common factor of 6 and 99.
3
Calculate the highest common divisor of 324 and 36.
36
Calculate the highest common factor of 17820 and 90.
90
Calculate the highest common factor of 40 and 32.
8
What is the highest common factor of 12 and 4494?
6
Calculate the greatest common divisor of 918 and 68.
34
What is the greatest common divisor of 1104 and 46?
46
What is the highest common divisor of 5005 and 22?
11
What is the highest common divisor of 902 and 533?
41
What is the greatest common divisor of 592 and 370?
74
Calculate the greatest common divisor of 1118 and 65.
13
What is the highest common divisor of 150 and 30?
30
What is the greatest common divisor of 72 and 14?
2
Calculate the highest common divisor of 145 and 40.
5
What is the greatest common divisor of 192 and 30?
6
Calculate the highest common factor of 1344 and 6972.
84
Calculate the highest common divisor of 51669 and 9.
9
What is the highest common divisor of 3791 and 68?
17
Calculate the greatest common divisor of 43 and 473.
43
Calculate the greatest common divisor of 77 and 35497.
77
What is the greatest common divisor of 68 and 306?
34
Calculate the highest common divisor of 531 and 1947.
177
What is the greatest common factor of 25 and 100?
25
What is the greatest common factor of 4018 and 82?
82
What is the greatest common factor of 129 and 1462?
43
Calculate the highest common factor of 780 and 60.
60
What is the highest common factor of 3937 and 155?
31
What is the greatest common factor of 322 and 2702?
14
Calculate the greatest common factor of 55 and 187.
11
Calculate the greatest common divisor of 3 and 384.
3
What is the greatest common factor of 175 and 200?
25
What is the greatest common factor of 105 and 665?
35
Calculate the greatest common factor of 2461 and 69.
23
What is the greatest common divisor of 72 and 1648?
8
Calculate the greatest common divisor of 28 and 11746.
14
Calculate the highest common factor of 798 and 342.
114
What is the highest common divisor of 640 and 10?
10
Calculate the highest common divisor of 125 and 100.
25
Calculate the greatest common divisor of 2980 and 60.
20
What is the greatest common divisor of 69 and 69?
69
What is the highest common factor of 1807 and 26?
13
Calculate the greatest common factor of 1944 and 1008.
72
Calculate the highest common factor of 725 and 75.
25
What is the highest common divisor of 15682 and 1?
1
What is the greatest common divisor of 405 and 1395?
45
What is the greatest common divisor of 385 and 10?
5
What is the greatest common factor of 10881 and 78?
39
Calculate the highest common divisor of 550 and 33.
11
What is the highest common factor of 28 and 504?
28
Calculate the greatest common factor of 2586 and 30.
6
What is the greatest common factor of 3869 and 146?
73
Calculate the highest common factor of 464 and 29.
29
What is the greatest common factor of 48 and 80?
16
Calculate the greatest common factor of 125 and 1075.
25
What is the greatest common factor of 201 and 6?
3
Calculate the highest common factor of 132 and 44.
44
What is the greatest common divisor of 650 and 150?
50
Calculate the highest common factor of 14 and 3178.
14
Calculate the highest common factor of 490 and 98.
98
Calculate the highest common divisor of 22363 and 11.
11
Calculate the highest common factor of 49 and 343.
49
What is the greatest common factor of 14 and 441?
7
What is the highest common divisor of 18 and 6?
6
Calculate the greatest common divisor of 7431 and 6.
3
What is the highest common divisor of 5 and 9?
1
What is the greatest common divisor of 216 and 81?
27
What is the greatest common divisor of 63 and 791?
7
What is the highest common divisor of 24 and 600?
24
What is the highest common divisor of 110 and 198?
22
Calculate the highest common divisor of 69 and 591.
3
Calculate the greatest common factor of 222 and 18.
6
What is the greatest common divisor of 35 and 455?
35
Calculate the highest common divisor of 239 and 10.
1
Calculate the greatest common factor of 1105 and 170.
85
Calculate the highest common factor of 7 and 15169.
7
What is the greatest common divisor of 140 and 35?
35
Calculate the greatest common divisor of 130 and 975.
65
What is the highest common factor of 39 and 1248?
39
What is the greatest common divisor of 13 and 39?
13
What is the highest common divisor of 340 and 5644?
68
Calculate the highest common factor of 186 and 558.
186
Calculate the greatest common factor of 28 and 56.
28
What is the highest common factor of 1344 and 17088?
192
Calculate the greatest common factor of 1258 and 102.
34
What is the greatest common divisor of 11921 and 182?
91
Calculate the highest common factor of 848 and 742.
106
Calculate the highest common factor of 56 and 266.
14
Calculate the highest common divisor of 153 and 255.
51
Calculate the greatest common divisor of 585 and 26.
13
Calculate the greatest common factor of 2928 and 6954.
366
Calculate the highest common factor of 234 and 36.
18
What is the greatest common factor of 84 and 36?
12
Calculate the greatest common factor of 140 and 70.
70
Calculate the greatest common divisor of 1705 and 310.
155
What is the highest common factor of 34 and 1666?
34
Calculate the highest common factor of 767 and 104.
13
Calculate the greatest common factor of 50 and 25.
25
What is the greatest common divisor of 16 and 1600?
16
Calculate the highest common divisor of 25 and 29.
1
What is the greatest common divisor of 162 and 3?
3
Calculate the highest common factor of 124 and 279.
31
What is the greatest common divisor of 46 and 1817?
23
Calculate the greatest common divisor of 48 and 48.
48
Calculate the greatest common divisor of 511 and 28.
7
What is the greatest common divisor of 26 and 52091?
13
Calculate the greatest common factor of 82 and 738.
82
What is the greatest common divisor of 82 and 123?
41
Calculate the highest common divisor of 2114 and 1359.
151
Calculate the highest common factor of 16 and 1328.
16
Calculate the greatest common divisor of 178 and 8900.
178
Calculate the greatest common factor of 3700 and 300.
100
Calculate the highest common divisor of 451 and 697.
41
What is the highest common divisor of 74 and 1184?
74
What is the highest common divisor of 44 and 880?
44
What is the greatest common divisor of 6500 and 52?
52
What is the highest common divisor of 2040 and 8?
8
What is the greatest common factor of 770 and 1050?
70
Calculate the greatest common divisor of 4 and 22.
2
What is the greatest common factor of 7291 and 46?
23
What is the highest common factor of 400 and 425?
25
Calculate the highest common divisor of 230 and 23.
23
Calculate the greatest common divisor of 5 and 484.
1
Calculate the highest common divisor of 5 and 695.
5
Calculate the highest common factor of 399 and 63.
21
What is the greatest common factor of 8764 and 21?
7
Calculate the greatest common divisor of 693 and 126.
63
What is the greatest common factor of 84 and 112?
28
Calculate the highest common factor of 140 and 245.
35
Calculate the highest common divisor of 2842 and 58.
58
What is the greatest common divisor of 9638 and 244?
122
What is the greatest common divisor of 513 and 675?
27
Calculate the highest common divisor of 189 and 513.
27
What is the highest common factor of 24060 and 60?
60
What is the highest common divisor of 26 and 10491?
13
What is the highest common divisor of 10 and 4740?
10
Calculate the greatest common factor of 71 and 71.
71
Calculate the greatest common factor of 45 and 2385.
45
Calculate the greatest common factor of 27 and 657.
9
What is the greatest common factor of 351 and 195?
39
What is the highest common factor of 34 and 323?
17
Calculate the greatest common divisor of 5445 and 45.
45
What is the highest common factor of 2664 and 144?
72
Calculate the highest common factor of 9 and 32.
1
What is the highest common factor of 4767 and 21?
21
Calculate the highest common divisor of 91 and 65.
13
What is the highest common factor of 48 and 61392?
48
Calculate the highest common divisor of 3724 and 76.
76
Calculate the greatest common divisor of